 t*a + 4966 = 0, -a = -2*s - 3*a + 4966. Is s prime?
False
Let x = 38 + -52. Let i(r) = -71*r - 39. Is i(x) a composite number?
True
Suppose -4*q - 482 = -2*y + q, 1000 = 4*y - q. Suppose 1 = t, k = -3*t - 0*t + y. Is k + 2*5/10 composite?
True
Let n(c) = -16*c**3 + 78*c + 2 - 16*c - 30*c - 22*c - 13*c**2. Is n(-7) a composite number?
False
Suppose -10*t - 205827 = 13*t. Let u = 1628 - t. Is u a composite number?
True
Let s = 10063 - 26149. Let j be (-16042)/3*30/20. Let x = j - s. Is x prime?
False
Let m = -2 - -5. Suppose -8*q + 12 = -5*q. Suppose -64 = -q*g - 2*x, x - 83 = -5*g - m*x. Is g a composite number?
True
Suppose 0 = -12*u + 336 + 24. Suppose -22*h + u*h = 38536. Is h prime?
True
Suppose -6395 = f + 4*o - 39130, 0 = 2*f - 2*o - 65520. Is f composite?
True
Let h = 3156 + 1283. Suppose 5*p + 2*q = h, -95 = -p - 4*q + 800. Is p composite?
False
Suppose -20883144 + 624689403 = 447*d. Is d a prime number?
False
Suppose 17 = 5*z + v - 8, 3*z - 5*v - 15 = 0. Suppose -4*r - 3 = -z*q, -2*q + q - 2*r = 5. Is (q/(-3)*(-7 - 5786))/(-1) a composite number?
False
Let p(t) = t**3 - 13*t**2 + 24*t + 5. Let f be p(11). Suppose 0 = -6*g - f + 3. Is (-6266)/(-4) + (-2)/g a prime number?
True
Suppose 3*f = 3*j - 911631, -168*j = -170*j + f + 607756. Is j prime?
False
Suppose -2*w = 4*y - 8, 0 = -0*w + 3*w + 2*y - 16. Suppose -d = -4*f - 12, f + w - 3 = -3*d. Is 3388/21 + 1/f composite?
True
Let g(w) = -153*w - 14. Suppose 5*y - 4*r = 342, 0*y - 270 = -4*y + 5*r. Let k = 65 - y. Is g(k) composite?
False
Let p be ((-6)/10 + 0)*(-61810)/14. Let q = 4358 - p. Is q composite?
False
Suppose -55367 = -v - 3*x, 2*v - 60847 - 49881 = -4*x. Is (-4)/26 - v/(-26) composite?
False
Let z(s) = -354*s + 98. Let f be z(-10). Suppose -j + f = 2*l, -3*l - 16*j + 18*j = -5457. Is l composite?
True
Suppose 11032 = j + 6*j. Let t = j + -678. Let i = -507 + t. Is i composite?
True
Suppose 2*o - 747*m = -742*m + 301768, o - 5*m = 150899. Is o a prime number?
True
Let m be (2/3 - 2/3)*-1. Suppose m = 9*a - a - 2848. Let k = a + -22. Is k a prime number?
False
Is -2*(-257055 - 119/(-7))*2/8 prime?
True
Suppose -x + 5*v + 30 = -36, -2*x + 110 = v. Suppose x*p = 50*p + 330. Is p a composite number?
True
Let c = 38185 + -25936. Suppose -561*j - c = -564*j. Is j a composite number?
True
Let k = -44 + 57. Suppose -8 = p - k. Suppose p*y - 7150 = -195. Is y prime?
False
Suppose 6 = -15*a + 17*a. Suppose -m = -r - 2080, -4*m + 4624 = -a*r - 3696. Suppose 3*i = m + 2003. Is i a composite number?
False
Let s = 6174 - 5965. Let u(j) = 6*j. Let a be u(7). Let v = a + s. Is v a composite number?
False
Let l(n) = 83968*n**2 - 57*n - 89. Is l(-2) composite?
False
Let x(b) be the third derivative of -59*b**4/24 - 23*b**3/6 - 7*b**2. Let r = -35 + 29. Is x(r) a composite number?
False
Let v be 9/(-15)*(-9 + 3 + 1). Let k(z) = 3*z**2 - v*z**2 + 15 - 13*z - 2*z**2 + 4*z**2. Is k(16) prime?
False
Is ((-2890983)/21 - 4)/((5 - -10)/(-105)) composite?
False
Suppose 60*m = -5*m - 42*m + 1700337. Is m prime?
False
Suppose -15 = j - 4*j. Suppose -6*w = -j*w - 5. Let m(i) = 5*i**3 + 3*i**2 + 3*i + 4. Is m(w) a prime number?
True
Suppose 2*j + 2*q - 64 = 0, 59 = 2*j - 0*j + q. Suppose 13*z + j = 66. Suppose -2*t - z*t - 2*c + 11813 = 0, -3*t = -5*c - 7063. Is t a composite number?
True
Is ((-6450440)/(-11) - 144/(-396)) + 7 a composite number?
True
Let h be -5 - (2 - 5) - -4. Suppose 2*p = -2*p + h*b + 22, 0 = -4*p - 4*b + 16. Suppose 2*j = 2*a + 7109 - 859, -4*a + 15643 = p*j. Is j a prime number?
False
Suppose -5*l + 579 + 696 = 0. Let p = l + -377. Let h = 456 + p. Is h a composite number?
True
Let b = 39 + 79. Let c(d) = -d**3 + 4*d + 9. Let h be c(-6). Let y = h - b. Is y prime?
True
Suppose -122 + 130 = -4*p, 4*z + 2*p = -12. Is (30292/(-12))/(z*(-3)/(-90)) prime?
False
Suppose 2 = -h, 0 = -5*l - 0*h - 4*h - 8. Suppose l = 6*j - 12786 + 4500. Is j a composite number?
False
Suppose -2*n - 27828 = 7*n. Let z be n/(-8)*4*(-1)/(-2). Suppose -f + 392 + 361 = -5*w, -f = 5*w - z. Is f prime?
False
Suppose 5*o + c - 3102 = 0, -1360 + 106 = -2*o + 4*c. Suppose 188 = 2*k - 4*w, 0 = 8*k - 4*k - 5*w - 367. Let i = o + k. Is i a prime number?
True
Let z(s) = -s**3 - 3*s**2 - 6*s - 15. Let u be z(-3). Suppose 0 = -r - u*t + 7*t - 5, -5*r = 3*t + 71. Is (-1 + -3 + -7)*r a prime number?
False
Let w be (-1*(-2 - -1))/((-19)/(-57)). Suppose -7835 = -5*p + w*l, 0 = 2*p - 6*l + 3*l - 3134. Is p a composite number?
False
Suppose 3*d - 118419 = -i, -d = -9*i + 6*i - 39473. Suppose 0 = -17*w + 16*w + d. Is w prime?
False
Let m(g) = 2*g + 16. Let r be m(-7). Suppose -d - r*d = -2*b - 22, 4*b + 24 = d. Suppose -d*q + 4174 = a, 1047 = -2*q + 3*q + 2*a. Is q prime?
False
Is 1/(28/1892824) + 2/14 prime?
True
Let q(w) = 676*w**2 - 16*w + 14. Let d be q(-14). Suppose -19*o = -d - 28785. Is o a prime number?
True
Suppose 5*u - 58 = -2*d, 0 = 4*u + 3*d - 0*d - 45. Let b(k) = 3 - 4*k**3 - 26*k**3 - u*k + 6*k + 2*k**2. Is b(-5) a composite number?
False
Suppose -3*d - 37577 = -4*n + 118010, 0 = -4*d + 12. Is n composite?
True
Let a = 36908 + 31395. Is a prime?
False
Let d(p) = -16 + 469*p**2 + 73*p - 87*p**2 - 25 + 59 - 16. Is d(9) a prime number?
True
Let a(z) = -4*z + 1. Let p be a(-1). Suppose -p*m = d + d - 401, -d = -5*m - 208. Let g = 456 - d. Is g composite?
True
Suppose -5*l = 5, -2*i = 3*l - 6*l - 13. Suppose 0 = g + z + z - 7565, -3*z - 37760 = -i*g. Is g prime?
False
Suppose 0*z + 78 = -2*z. Let y = 288 + -172. Let m = y + z. Is m a prime number?
False
Suppose 2*l = 3*u + 43106, 4*l + 9*u = 14*u + 86208. Is l a composite number?
True
Is -10 - (-567)/378*202984/3 composite?
True
Suppose 614945 = 5*z - 4*u, 14*z - 123013 = 13*z - 4*u. Is z a prime number?
False
Let n(y) be the third derivative of 1627*y**5/60 + y**4/4 + 5*y**3/6 + 53*y**2 + 1. Is n(-6) composite?
True
Suppose -i = -30 + 3. Let v = 27 - i. Let a(x) = -3*x**2 - x + 211. Is a(v) composite?
False
Let r(x) = -7*x - 163. Let y be r(-23). Let a(i) = 0 - 93*i + 1 - 2. Is a(y) composite?
True
Let i(t) = 2063*t + 68. Let n be i(3). Let d = n + -3924. Is d a prime number?
True
Suppose 484245 = 17*z - 206533. Let n = z + -8141. Is n composite?
True
Suppose 9547*o = 9536*o + 5663977. Is o a prime number?
False
Let v = 626 + -662. Is -4*(-6)/v*-381 a prime number?
False
Suppose i + 21483 = 185517 - 4465. Is i a prime number?
True
Let c = 123 - 73. Suppose -c*u + 3 = -47*u. Is u*(-6 - -3) + 2218 a composite number?
True
Suppose 5*v = 12 + 13, 0 = -5*x - 2*v + 60. Let l(r) = 11*r**2 - 8*r + 61. Is l(x) composite?
True
Is 9/((-54)/(-84)) + 42035 prime?
False
Let c = 44940 + -31907. Is c a prime number?
True
Let h be (2 + (-12)/9)*-6. Let s = h - 2. Is 393*(-10)/s - 2 prime?
True
Let z(x) = 127*x**3 - 74*x**2 - 80*x + 110. Is z(19) composite?
False
Let g(s) = -191*s**3 - 13*s**2 + 14*s + 35. Is g(-11) prime?
False
Let t(y) = -3*y**2 + 11*y - 25. Let p be t(4). Let d(m) = 18*m**2 + 66*m + 17. Is d(p) prime?
True
Let u = -9 - -9. Suppose x + 3*i - 319 = 0, u*x + 4*x = -5*i + 1276. Is x prime?
False
Let d = -54 + 57. Let k be 1174 + d + (-9)/3. Suppose x = y + 6*x - 587, k = 2*y - 3*x. Is y a composite number?
False
Let q = 354 + -939. Let v = 1322 + q. Is v a prime number?
False
Suppose 0 = 2*r - r - 2. Let m be (-1)/(7/5334*(-3)/r). Suppose -a + m = 3*a. Is a a composite number?
False
Let c = 252 - 248. Let s(f) = -4*f**3 + 21*f**2 + 4*f - 34. Let v(m) = m**3 - 4*m**2 - m + 7. Let j(n) = 2*s(n) + 11*v(n). Is j(c) a composite number?
False
Let z(a) = -705*a**2 + 2*a - 3. Let i be z(6). Let m = i + 46510. Is m a prime number?
True
Let q(d) = -39*d**3 + 2*d**2 - d - 1. Let s be q(1). Let n = s + 41. Is (4/(-6))/(n/1578*-2) a prime number?
True
Suppose 0 = -5*z + 6*z - 14. Let u = z - -1719. Is u a composite number?
False
Is 19 + -21 + (-7 - -27938) composite?
True
Suppose 9*s - 95000 - 2158229 = -10*s. Is s a prime number?
False
Let g = -35 - -39. Suppose -g*v + 474 = -154. Is v a prime number?
True
Let q(f) = -4*f**2 + 4*f + 32. Let y be q(-16). Let g be (-1)/5 - y/5. Suppose 3*h + g = 4*h. Is h prime?
True
Suppose -17227 = -4*b + 25629. Suppose 412*d - 410*d - b = 0. Is d prime?
False
Suppose -2*u = u + 5*x - 1855, -4*x - 4 = 0. Is (1 + 2 + -2)*(u - -3) a prime number?
